
Is 360609 a multiple of 75?
False
Does 31 divide 5062363?
False
Is 588500 a multiple of 220?
True
Is 76479 a multiple of 39?
True
Does 23 divide 50017?
False
Is 3630 a multiple of 23?
False
Is 9 a factor of 41283?
True
Does 1558 divide 1017374?
True
Is 19104 a multiple of 2?
True
Is 142 a factor of 159616?
False
Is 1125002 a multiple of 5?
False
Is 93 a factor of 2741361?
True
Is 144321 a multiple of 219?
True
Is 269400 a multiple of 6?
True
Does 10 divide 59170?
True
Does 52 divide 620308?
True
Does 42 divide 76840?
False
Does 18 divide 49124?
False
Does 36 divide 3306353?
False
Is 912167 a multiple of 26?
False
Does 530 divide 10802990?
True
Does 14 divide 3967234?
False
Is 20 a factor of 172180?
True
Does 535 divide 227910?
True
Does 5 divide 3597910?
True
Is 12 a factor of 256718?
False
Is 72 a factor of 6930288?
True
Does 134 divide 1166382?
False
Does 34 divide 11435?
False
Is 3090335 a multiple of 374?
False
Is 3043137 a multiple of 771?
True
Is 333 a factor of 8214855?
False
Is 145533 a multiple of 6?
False
Is 5 a factor of 36672?
False
Is 7466 a multiple of 4?
False
Is 492267 a multiple of 3?
True
Is 208723 a multiple of 618?
False
Is 210 a factor of 354060?
True
Does 57 divide 35187?
False
Is 27803 a multiple of 6?
False
Is 453 a factor of 12628734?
True
Is 287 a factor of 1435287?
True
Does 10 divide 73371?
False
Does 17 divide 215032?
False
Does 209 divide 2503830?
False
Does 49 divide 293265?
True
Is 6736737 a multiple of 149?
True
Does 1267 divide 912169?
False
Is 40 a factor of 1335879?
False
Does 25 divide 228502?
False
Is 293 a factor of 224082?
False
Is 199 a factor of 4956?
False
Does 682 divide 2022431?
False
Is 607880 a multiple of 20?
True
Is 3376250 a multiple of 10?
True
Does 6 divide 564824?
False
Does 101 divide 249369?
True
Is 147 a factor of 956491?
False
Is 1313463 a multiple of 37?
True
Is 887768 a multiple of 83?
True
Is 68568 a multiple of 10?
False
Is 8 a factor of 8696?
True
Is 435484 a multiple of 28?
True
Is 208791 a multiple of 11?
True
Is 20839680 a multiple of 1005?
True
Is 325 a factor of 145208?
False
Does 29 divide 3946929?
True
Is 34799306 a multiple of 198?
False
Is 8193299 a multiple of 97?
True
Is 941956 a multiple of 37?
False
Is 2515563 a multiple of 778?
False
Does 1025 divide 8576312?
False
Is 51 a factor of 25280445?
True
Is 12 a factor of 3697624?
False
Is 546024 a multiple of 376?
False
Is 176 a factor of 228624?
True
Is 6260 a multiple of 4?
True
Is 76 a factor of 1496820?
True
Is 33687 a multiple of 4?
False
Is 196219 a multiple of 85?
False
Does 10 divide 163460?
True
Is 48 a factor of 1524?
False
Does 119 divide 47124?
True
Does 18 divide 282217?
False
Is 322786 a multiple of 112?
False
Is 486731 a multiple of 377?
False
Is 609 a factor of 1379994?
True
Is 2125136 a multiple of 104?
True
Is 47 a factor of 1988664?
True
Is 250 a factor of 6716437?
False
Does 24 divide 1678824?
True
Does 64 divide 286272?
True
Does 162 divide 2054930?
False
Does 9 divide 241717?
False
Does 45 divide 264826?
False
Does 108 divide 245557?
False
Does 37 divide 657675?
True
Does 14 divide 55770?
False
Does 11 divide 2746810?
True
Is 961496 a multiple of 248?
True
Is 13 a factor of 1218787?
False
Does 849 divide 2664162?
True
Is 356026 a multiple of 110?
False
Is 13 a factor of 3269959?
False
Is 465192 a multiple of 284?
True
Is 826 a factor of 5593672?
True
Does 15 divide 527955?
True
Is 61 a factor of 53916?
False
Does 29 divide 211900?
False
Is 14899514 a multiple of 14?
True
Is 4 a factor of 1928?
True
Does 106 divide 130274?
True
Is 162576 a multiple of 28?
False
Does 260 divide 595660?
True
Is 297 a factor of 958419?
True
Is 45848 a multiple of 20?
False
Does 6 divide 151366?
False
Is 1623 a factor of 2463060?
False
Does 85 divide 338163?
False
Is 1229616 a multiple of 8?
True
Is 16967434 a multiple of 1570?
False
Is 80476 a multiple of 34?
False
Is 230 a factor of 77740?
True
Is 99 a factor of 372515?
False
Is 31 a factor of 32430?
False
Does 26 divide 353850?
False
Is 665 a factor of 4319175?
True
Is 733278 a multiple of 546?
True
Is 275371 a multiple of 6?
False
Does 105 divide 242865?
True
Is 3426722 a multiple of 213?
False
Does 21 divide 2235876?
False
Does 52 divide 605426?
False
Is 358 a factor of 2640833?
False
Is 2319460 a multiple of 11?
True
Is 4466654 a multiple of 37?
False
Is 3254956 a multiple of 4?
True
Is 6 a factor of 43855?
False
Is 594720 a multiple of 96?
True
Is 777182 a multiple of 43?
True
Is 528873 a multiple of 12?
False
Does 15 divide 2045430?
True
Does 7 divide 77286?
False
Is 92610 a multiple of 30?
True
Does 5 divide 158410?
True
Does 72 divide 14764254?
False
Is 69143 a multiple of 86?
False
Does 220 divide 673640?
True
Is 97842 a multiple of 69?
True
Is 1902132 a multiple of 25?
False
Is 1409570 a multiple of 155?
True
Is 590879 a multiple of 14?
False
Is 15 a factor of 167040?
True
Is 84272 a multiple of 184?
True
Does 29 divide 517447?
True
Does 163 divide 84434?
True
Is 23 a factor of 67510?
False
Is 299 a factor of 1735097?
True
Does 9 divide 78228?
True
Is 13 a factor of 750032?
False
Is 72324 a multiple of 246?
True
Does 112 divide 3028368?
True
Is 994917 a multiple of 59?
True
Is 33 a factor of 519882?
True
Is 1504 a factor of 3778048?
True
Does 123 divide 8279279?
False
Is 2123096 a multiple of 67?
True
Is 357982 a multiple of 16?
False
Is 1158752 a multiple of 26?
False
Is 27 a factor of 212166?
True
Is 95799 a multiple of 52?
False
Is 10 a factor of 1489132?
False
Is 941644 a multiple of 592?
False
Is 18 a factor of 457254?
True
Is 23 a factor of 3312644?
True
Does 20 divide 1609300?
True
Is 117 a factor of 115031?
False
Does 31 divide 186207?
False
Is 1008 a factor of 1052767?
False
Is 23521815 a multiple of 23?
False
Is 6 a factor of 87020?
False
Is 10 a factor of 621050?
True
Is 5628436 a multiple of 484?
True
Does 909 divide 2760181?
False
Is 413 a factor of 192871?
True
Is 6 a factor of 270850?
False
Is 62 a factor of 76632?
True
Does 4 divide 1182176?
True
Is 20532 a multiple of 9?
False
Is 17 a factor of 4731724?
False
Is 3 a factor of 46952?
False
Is 9034344 a multiple of 72?
True
Is 177749 a multiple of 121?
True
Is 1645440 a multiple of 12?
True
Is 86581 a multiple of 187?
True
Is 335 a factor of 5222650?
True
Is 15 a factor of 140099?
False
Is 5094519 a multiple of 228?
False
Does 31 divide 4950595?
False
Is 45630 a multiple of 9?
True
Is 31 a factor of 12563122?
True
Is 16990 a multiple of 10?
True
Does 12 divide 1825469?
False
Is 754 a factor of 5884780?
False
Is 2530000 a multiple of 575?
True
Does 437 divide 1423726?
False
Is 30 a factor of 807?
False
Is 16 a factor of 981008?
True
Does 1003 divide 1172507?
True
Is 48345 a multiple of 136?
False
Is 17 a factor of 3305378?
True
Is 327500 a multiple of 10?
True
Is 344 a factor of 8086408?
True
Is 10506 a multiple of 17?
True
Is 190 a factor of 1231764?
False
Is 48544 a multiple of 37?
True
Is 23 a factor of 2191785?
True
Is 12 a factor of 124452?
True
Is 46 a factor of 311954?
False
Is 56 a factor of 14888048?
True
Does 3 divide 56542?
False
Does 32 divide 88896?
True
Does 23 divide 229586?
True
Does 13 divide 1011257?
True
Does 30 divide 1232335?
False
Does 8 divide 311576?
True
Is 8856 even?
True
Is 267827 a multiple of 145?
False
Is 25536 a multiple of 32?
True
Is 26 a factor of 108966?
True
Is 14 a factor of 581924?
True
Does 651 divide 494109?
True
Is 45386 a multiple of 14?
False
Is 594218 a multiple of 17?
True
Is 511 a factor of 515599?
True
Is 223363 a multiple of 7?
True
Is 3207733 a multiple of 645?
False
Does 21 divide 3919306?
False
Does 136 divide 6243732?
False
Does 622 divide 2213076?
True
Is 34988 a multiple of 8?
False
Is 215581 a multiple of 18?
False
Is 9017566 a multiple of 12?
False
Does 19 divide 1712945?
True
Does 26 divide 358598?
False
Is 336736 a multiple of 17?
True
Does 21 divide 17346?
True
Is 351823 a multiple of 15?
False
Does 259 divide 76611?
False
Is 21401 a multiple of 10?
False
Is 456 a factor of 74784?
True
Is 337348 a multiple of 41?
True
Does 385 divide 697356?
False
Is 39575 even?
False
Does 1001 divide 1724190?
False
Is 3 a factor of 12153?
True
Is 65661 a multiple of 5?
False
Is 25 a factor of 35264285?
False
Does 18 divide 12855006?
True
Is 546522 a m